True
Is 83763929857 a composite number?
False
Is 30293856881 composite?
True
Is 380248709 a prime number?
True
Is 45606653621 a composite number?
False
Is 60370001473 composite?
True
Is 3655981517 composite?
True
Is 21281685283 a prime number?
True
Is 4204212301 composite?
True
Is 1502730221 prime?
False
Is 394666331 a prime number?
True
Is 466354871 composite?
True
Is 482837011 a prime number?
True
Is 41516859 prime?
False
Is 333635686211 a prime number?
False
Is 191479501 a prime number?
False
Is 14831644631 composite?
True
Is 1323055637 a composite number?
False
Is 2133470557 composite?
False
Is 6077245073 a composite number?
False
Is 86210911217 a composite number?
False
Is 5287838173 composite?
False
Is 16548461387 a prime number?
False
Is 11992451531 a composite number?
True
Is 32880610811 a prime number?
False
Is 1484417969 composite?
False
Is 11083094131 composite?
True
Is 111649927 prime?
True
Is 8856396397 a prime number?
True
Is 96365467127 a prime number?
False
Is 11211175309 prime?
False
Is 28506350987 a prime number?
False
Is 1941339962 composite?
True
Is 13350587533 prime?
True
Is 1511206853 composite?
True
Is 23506125451 prime?
True
Is 113779111571 prime?
True
Is 93237014537 composite?
False
Is 61433459 a composite number?
True
Is 7640706953 prime?
False
Is 13607050253 a composite number?
False
Is 17621399041 prime?
True
Is 6539253001 a prime number?
False
Is 40104664043 composite?
True
Is 916062881 a composite number?
True
Is 426228394 prime?
False
Is 414180589 composite?
True
Is 11160463253 a composite number?
False
Is 319210223 a composite number?
False
Is 3464831001 composite?
True
Is 1783157549 prime?
False
Is 47369158477 composite?
False
Is 627108163 a prime number?
False
Is 20126574967 a composite number?
True
Is 3136222559 a composite number?
False
Is 8839439857 prime?
True
Is 427553999 composite?
True
Is 1170744139 a prime number?
False
Is 3742175557 a prime number?
False
Is 19616685409 prime?
True
Is 4656318419 composite?
False
Is 6825424399 composite?
False
Is 10677606707 prime?
True
Is 446315179 prime?
True
Is 17794587671 a composite number?
True
Is 104571871 a prime number?
False
Is 2703875957 composite?
True
Is 6111222437 composite?
True
Is 18362648449 prime?
False
Is 40866247621 a prime number?
True
Is 19802256767 a prime number?
False
Is 79227559 composite?
False
Is 25137802237 composite?
True
Is 16963432771 composite?
True
Is 179547586 composite?
True
Is 319821871 prime?
True
Is 87128367007 a prime number?
False
Is 1016583287 a composite number?
False
Is 618738103 a prime number?
False
Is 29609240842 a prime number?
False
Is 162863633 a prime number?
True
Is 4636052963 a composite number?
False
Is 13771757 a composite number?
False
Is 30565628243 prime?
True
Is 30967971509 a prime number?
False
Is 80134978949 a composite number?
True
Is 63480363097 composite?
False
Is 1498007443 a prime number?
False
Is 1199144731 prime?
True
Is 408738373 a composite number?
True
Is 144407819 prime?
True
Is 229774950601 a composite number?
True
Is 285956807 prime?
True
Is 39994592657 a prime number?
False
Is 31221989 prime?
False
Is 29762841727 a composite number?
False
Is 497552413 composite?
True
Is 160733557 a composite number?
True
Is 34294643 a composite number?
False
Is 46323200723 composite?
False
Is 1096651331 a prime number?
False
Is 1029315223 prime?
True
Is 1934223989 a composite number?
False
Is 10155402155 a prime number?
False
Is 861903607 a composite number?
True
Is 9415296623 composite?
False
Is 61511326241 prime?
True
Is 170941759861 prime?
True
Is 141219431 composite?
False
Is 1439062531 a prime number?
True
Is 4175785729 prime?
True
Is 7383726113 prime?
True
Is 92382001 a composite number?
False
Is 929396759 composite?
False
Is 10507877 a composite number?
False
Is 434548453 composite?
True
Is 157286737 prime?
False
Is 278880421 a prime number?
True
Is 9089759363 a prime number?
False
Is 4048204973 prime?
True
Is 2271273581 a composite number?
False
Is 42506155723 prime?
True
Is 453618185 composite?
True
Is 122310833 prime?
True
Is 141308543 a prime number?
True
Is 56655213751 prime?
False
Is 10861213817 composite?
True
Is 657496727 composite?
False
Is 6847708547 composite?
True
Is 1508745143 a composite number?
False
Is 513135283 composite?
False
Is 75921695 a prime number?
False
Is 685515887 composite?
True
Is 112315442639 composite?
True
Is 10274065657 a prime number?
True
Is 7692695021 a prime number?
False
Is 4161345371 prime?
True
Is 420554039 prime?
False
Is 3436389373 a composite number?
False
Is 1129700147 composite?
False
Is 57159662933 a composite number?
False
Is 4951705081 a composite number?
True
Is 154318706 prime?
False
Is 269403521 composite?
False
Is 183154667 a prime number?
False
Is 1266593914 a prime number?
False
Is 35369011165 prime?
False
Is 162268781 a composite number?
False
Is 208360379 composite?
False
Is 1604196803 a composite number?
True
Is 23155976359 a composite number?
False
Is 205341887 composite?
True
Is 138467299 composite?
False
Is 17287978889 prime?
True
Is 6625258301 a composite number?
False
Is 25791636863 a prime number?
False
Is 6600449339 prime?
False
Is 957591077 composite?
True
Is 32080866361 composite?
False
Is 5258753507 composite?
True
Is 313484081 a composite number?
True
Is 34868214299 prime?
True
Is 2468897623 composite?
False
Is 199662359 a prime number?
False
Is 335290789 a prime number?
True
Is 11653153223 composite?
True
Is 387382187 composite?
False
Is 8721685373 prime?
True
Is 2970859711 prime?
True
Is 8924826217 a composite number?
True
Is 3055778201 a composite number?
True
Is 1519090897 prime?
True
Is 513533861 a prime number?
True
Is 1251733027 a composite number?
False
Is 40754872163 a prime number?
True
Is 569088629 a prime number?
True
Is 183115089473 prime?
True
Is 457002781 a prime number?
True
Is 2889802921 a composite number?
True
Is 43023058643 composite?
False
Is 483783767 prime?
False
Is 2072271581 a composite number?
True
Is 14742170819 prime?
True
Is 461265007 a prime number?
False
Is 16430586607 prime?
True
Is 2200326503 a prime number?
True
Is 21783309461 a composite number?
True
Is 68552707 a prime number?
False
Is 2103779789 prime?
True
Is 358564799 composite?
True
Is 123806201 a prime number?
False
Is 8972889263 a composite number?
True
Is 128478793 prime?
False
Is 7898842031 a prime number?
True
Is 647572357 a composite number?
True
Is 17882198329 a prime number?
False
Is 4295843345 composite?
True
Is 595034983 prime?
True
Is 148226215 a composite number?
True
Is 443089447 a composite number?
True
Is 254786383 a prime number?
True
Is 193391789 a prime number?
False
Is 54371550011 a composite number?
True
Is 1026949117 composite?
True
Is 223339153 a prime number?
True
Is 10347468943 composite?
True
Is 2819099317 prime?
True
Is 459070487 a prime number?
True
Is 100657928563 prime?
False
Is 21568065061 a prime number?
False
Is 298699555307 prime?
True
Is 1131975539 composite?
False
Is 1159347257 a prime number?
False
Is 24846835001 composite?
False
Is 32199878861 prime?
False
Is 156287221 a prime number?
True
Is 555417601 prime?
False
Is 269536417 a composite number?
False
Is 8479021 a prime number?
False
Is 1340294173 a prime number?
True
Is 5978510729 a prime number?
False
Is 2535177833 composite?
True
Is 1715820983 prime?
False
Is 677973347 a prime number?
False
Is 227419567 prime?
True
Is 55457611 composite?
True
Is 18971277527 prime?
True
Is 41392522043 prime?
False
Is 7644851713 prime?
False
Is 319701953 a composite number?
True
Is 184581227 a composite number?
True
Is 32944048901 composite?
False
Is 4289087591 a prime number?
True
Is 8149997519 composite?
True
Is 1871305903 a prime number?
True
Is 117690359 composite?
False
Is 862998373 a prime number?
False
Is 5736863909 prime?
False
Is 1712708563 a prime number?
True
Is 8031856621 a prime number?
True
Is 932582993 prime?
True
Is 14849436541 prime?
False
Is 1027279909 a prime number?
True
Is 594900641 a prime number?
True
Is 9158821013 prime?
True
Is 218625947 prime?
True
Is 13051131803 a prime number?
False
Is 21364516363 prime?
True
Is 2495194069 prime?
True
Is 562817561 a composite number?
False
Is 6012199261 composite?
False
Is 10226611067 a composite number?
True
Is